
23
What is the greatest common factor of 12 and 1216713?
3
What is the greatest common divisor of 394864 and 9936?
368
What is the highest common divisor of 7089 and 754909?
139
Calculate the highest common factor of 31845 and 450516.
33
What is the greatest common factor of 25 and 2191852225?
25
Calculate the greatest common divisor of 9 and 9555210.
9
What is the greatest common factor of 8 and 4945656?
8
Calculate the greatest common divisor of 17496136 and 9016.
392
Calculate the highest common divisor of 36670 and 2337230.
1930
What is the greatest common divisor of 26351784 and 6264?
216
Calculate the highest common factor of 24 and 18312024.
24
Calculate the highest common factor of 2897961 and 7535.
1507
Calculate the greatest common factor of 243427807 and 17096.
2137
Calculate the greatest common divisor of 282727394 and 2.
2
Calculate the greatest common divisor of 188707851 and 36.
9
What is the greatest common divisor of 152875 and 206687?
1223
What is the highest common divisor of 175 and 4111800?
175
What is the greatest common divisor of 4894374 and 54?
6
What is the greatest common factor of 4532398 and 1222?
1222
Calculate the highest common divisor of 9724 and 2794363.
143
Calculate the highest common divisor of 193616205 and 30.
15
What is the greatest common factor of 1023 and 13404358?
11
Calculate the highest common divisor of 7182 and 224147826.
2394
Calculate the greatest common factor of 127677854 and 246.
82
Calculate the highest common factor of 27863049 and 18547.
1091
What is the greatest common factor of 830876171 and 3361?
3361
Calculate the highest common factor of 1344967 and 258479.
4381
What is the greatest common divisor of 3471433 and 25585?
301
What is the highest common factor of 901 and 9748290?
53
What is the highest common factor of 178105600 and 136?
136
Calculate the highest common divisor of 2048 and 2445264.
16
Calculate the highest common factor of 3120 and 250392.
24
Calculate the highest common factor of 170904965 and 385.
385
What is the highest common divisor of 51 and 3794604?
51
Calculate the greatest common divisor of 29 and 416289316.
29
What is the highest common factor of 67310 and 12310618?
254
What is the highest common factor of 61609425 and 150?
75
Calculate the highest common divisor of 5824 and 638274.
182
What is the greatest common divisor of 9 and 426727818?
9
What is the greatest common divisor of 1032357 and 137416?
193
Calculate the greatest common divisor of 3464 and 60505688.
3464
What is the greatest common divisor of 7280 and 73511360?
1040
What is the highest common divisor of 894163575 and 225?
75
Calculate the highest common divisor of 168926925 and 175.
25
Calculate the greatest common factor of 59878808 and 44.
44
What is the highest common divisor of 12220 and 73577842?
1222
Calculate the greatest common factor of 2084 and 52672058.
1042
What is the highest common divisor of 5459678 and 3626?
98
What is the greatest common factor of 15747522 and 7644?
294
Calculate the highest common divisor of 560088 and 20.
4
What is the highest common factor of 213 and 859637754?
213
What is the highest common divisor of 1945339 and 2541?
11
What is the greatest common divisor of 36747909 and 297?
99
Calculate the greatest common divisor of 323663488 and 512.
128
Calculate the highest common factor of 137514 and 350837.
1763
What is the highest common divisor of 179 and 18403169?
179
Calculate the highest common factor of 317 and 57237520.
317
What is the greatest common factor of 4316409 and 1116?
279
Calculate the highest common factor of 899 and 3125069.
29
What is the greatest common divisor of 3494272 and 6784?
128
Calculate the greatest common factor of 2749258 and 1315672.
6206
Calculate the greatest common divisor of 87277026 and 282.
282
What is the greatest common factor of 249 and 297330651?
249
What is the highest common divisor of 9524600 and 600?
200
Calculate the greatest common divisor of 52420467 and 726.
363
Calculate the highest common factor of 366402 and 17979207.
2319
Calculate the greatest common divisor of 195110245 and 110.
55
What is the highest common factor of 14 and 1055138?
14
Calculate the highest common divisor of 262782 and 201.
3
What is the greatest common factor of 500 and 30864?
4
Calculate the greatest common divisor of 213386725 and 25.
25
Calculate the greatest common divisor of 55440 and 203805.
315
Calculate the highest common factor of 421992 and 4860.
36
What is the highest common factor of 48 and 2742708?
12
Calculate the greatest common divisor of 6 and 59950.
2
What is the highest common factor of 114 and 1118658?
6
What is the highest common divisor of 37135 and 4410?
35
Calculate the highest common divisor of 3534 and 1360466.
62
Calculate the highest common factor of 2753951 and 92.
23
What is the highest common divisor of 2420 and 80065?
5
What is the highest common factor of 14180802 and 95304?
2166
Calculate the greatest common divisor of 606413 and 1.
1
Calculate the greatest common divisor of 222822 and 13320.
18
What is the highest common factor of 33252196 and 148?
148
What is the greatest common factor of 373027 and 41296?
29
What is the greatest common factor of 169839 and 877671?
1017
What is the greatest common divisor of 12654 and 99974?
74
Calculate the greatest common factor of 56 and 57645595.
7
What is the greatest common factor of 95379792 and 537?
537
What is the highest common factor of 197400 and 69650?
350
Calculate the highest common divisor of 336050924 and 2398.
2398
What is the greatest common factor of 462294 and 57078?
378
Calculate the highest common divisor of 5889 and 118027.
13
Calculate the greatest common factor of 1772 and 452225918.
886
What is the highest common divisor of 7376045 and 204?
17
What is the highest common divisor of 476912 and 1369072?
656
What is the highest common divisor of 341 and 23092058?
11
What is the highest common factor of 1576135 and 5885?
55
What is the greatest common divisor of 15240 and 16680?
120
Calculate the greatest common factor of 7814118 and 6816.
426
Calculate the highest common factor of 103820 and 887840.
3580
What is the greatest common divisor of 246078 and 9127671?
4557
What is the highest common divisor of 1664297 and 9176?
1147
Calculate the greatest common divisor of 14825 and 11650.
25
What is the highest common divisor of 90013 and 9174319?
539
What is the highest common factor of 135900 and 38700?
900
What is the highest common factor of 6802540 and 140?
20
What is the highest common factor of 202478364 and 3366?
3366
What is the highest common divisor of 19649 and 338444?
401
What is the greatest common divisor of 8700 and 2319?
3
What is the highest common divisor of 345 and 102427815?
15
Calculate the highest common divisor of 49802704 and 6768.
752
What is the greatest common divisor of 34143057 and 78?
39
Calculate the highest common divisor of 478783848 and 48.
24
What is the highest common divisor of 25408 and 18752?
64
What is the highest common divisor of 6904914 and 1648?
206
What is the highest common factor of 165 and 104853885?
15
What is the greatest common divisor of 14 and 1395214?
2
Calculate the greatest common divisor of 8965 and 229570.
55
Calculate the highest common factor of 4558884 and 1650.
66
Calculate the greatest common factor of 1215 and 1129335.
15
What is the greatest common divisor of 21 and 40259121?
21
Calculate the greatest common divisor of 5938267 and 3436.
859
What is the highest common factor of 1617 and 311493?
147
Calculate the highest common divisor of 2 and 33931342.
2
What is the greatest common factor of 3332007 and 40824?
63
What is the greatest common factor of 2282121 and 5319?
27
What is the greatest common factor of 10257 and 381693?
39
What is the highest common divisor of 510706 and 19278?
14
Calculate the greatest common divisor of 504268987 and 361.
361
What is the greatest common divisor of 9477 and 1818855?
729
Calculate the greatest common factor of 13442 and 67027922.
1222
What is the greatest common factor of 5 and 15395?
5
Calculate the greatest common divisor of 1258275 and 32775.
1425
Calculate the greatest common factor of 478514 and 6006422.
7142
What is the greatest common div